{"id":3403,"date":"2023-03-15T20:56:52","date_gmt":"2023-03-15T18:56:52","guid":{"rendered":"https:\/\/golfers-delight.de\/?page_id=3403"},"modified":"2026-03-17T11:07:54","modified_gmt":"2026-03-17T09:07:54","slug":"impressum","status":"publish","type":"page","link":"https:\/\/golfers-delight.de\/?page_id=3403","title":{"rendered":"IMPRESSUM"},"content":{"rendered":"\t\t<div data-elementor-type=\"wp-page\" data-elementor-id=\"3403\" class=\"elementor elementor-3403\" data-elementor-post-type=\"page\">\n\t\t\t\t\t\t<section class=\"elementor-section elementor-top-section elementor-element elementor-element-b2f8041 elementor-section-boxed elementor-section-height-default elementor-section-height-default\" data-id=\"b2f8041\" data-element_type=\"section\">\n\t\t\t\t\t\t<div class=\"elementor-container elementor-column-gap-default\">\n\t\t\t\t\t<div class=\"elementor-column elementor-col-100 elementor-top-column elementor-element elementor-element-4cbf959\" data-id=\"4cbf959\" data-element_type=\"column\">\n\t\t\t<div class=\"elementor-widget-wrap\">\n\t\t\t\t\t\t\t<\/div>\n\t\t<\/div>\n\t\t\t\t\t<\/div>\n\t\t<\/section>\n\t\t\t\t<section class=\"elementor-section elementor-top-section elementor-element elementor-element-692b3b2 elementor-section-boxed elementor-section-height-default elementor-section-height-default\" data-id=\"692b3b2\" data-element_type=\"section\">\n\t\t\t\t\t\t<div class=\"elementor-container elementor-column-gap-default\">\n\t\t\t\t\t<div class=\"elementor-column elementor-col-100 elementor-top-column elementor-element elementor-element-403bfa4\" data-id=\"403bfa4\" data-element_type=\"column\">\n\t\t\t<div class=\"elementor-widget-wrap elementor-element-populated\">\n\t\t\t\t\t\t<div class=\"elementor-element elementor-element-c0be089 elementor-widget elementor-widget-spacer\" data-id=\"c0be089\" data-element_type=\"widget\" data-widget_type=\"spacer.default\">\n\t\t\t\t<div class=\"elementor-widget-container\">\n\t\t\t\t\t\t\t<div class=\"elementor-spacer\">\n\t\t\t<div class=\"elementor-spacer-inner\"><\/div>\n\t\t<\/div>\n\t\t\t\t\t\t<\/div>\n\t\t\t\t<\/div>\n\t\t\t\t\t<\/div>\n\t\t<\/div>\n\t\t\t\t\t<\/div>\n\t\t<\/section>\n\t\t\t\t<section class=\"elementor-section elementor-top-section elementor-element elementor-element-257793f elementor-section-boxed elementor-section-height-default elementor-section-height-default\" data-id=\"257793f\" data-element_type=\"section\">\n\t\t\t\t\t\t<div class=\"elementor-container elementor-column-gap-default\">\n\t\t\t\t\t<div class=\"elementor-column elementor-col-100 elementor-top-column elementor-element elementor-element-75fa4a8\" data-id=\"75fa4a8\" data-element_type=\"column\">\n\t\t\t<div class=\"elementor-widget-wrap elementor-element-populated\">\n\t\t\t\t\t\t<div class=\"elementor-element elementor-element-05a6203 elementor-widget elementor-widget-text-editor\" data-id=\"05a6203\" data-element_type=\"widget\" data-widget_type=\"text-editor.default\">\n\t\t\t\t<div class=\"elementor-widget-container\">\n\t\t\t\t\t\t\t\t\t<p><strong>Haftungsausschluss (Dislaimer)<br \/><\/strong><\/p><p><strong>1. Haftung f\u00fcr Inhalte<\/strong><br \/>Als Diensteanbieter sind wir gem\u00e4\u00df \u00a7 7 Abs.1 TMG f\u00fcr eigene Inhalte auf diesen Seiten nach den allgemeinen Gesetzen verantwortlich. Nach \u00a7\u00a7 8 bis 10 TMG sind wir als Diensteanbieter jedoch nicht verpflichtet, \u00fcbermittelte oder gespeicherte fremde Informationen zu \u00fcberwachen oder nach Umst\u00e4nden zu forschen, die auf eine rechtswidrige T\u00e4tigkeit hinweisen. Verpflichtungen zur Entfernung oder Sperrung der Nutzung von Informationen nach den allgemeinen Gesetzen bleiben hiervon unber\u00fchrt. Eine diesbez\u00fcgliche Haftung ist jedoch erst ab dem Zeitpunkt der Kenntnis einer konkreten Rechtsverletzung m\u00f6glich. Bei Bekanntwerden von entsprechenden Rechtsverletzungen werden wir diese Inhalte umgehend entfernen.<\/p><p>\u00a0<\/p><p><strong>2. Haftung f\u00fcr Links<\/strong><br \/>Unser Angebot enth\u00e4lt Links zu externen Webseiten Dritter, auf deren Inhalte wir keinen Einfluss haben. Deshalb k\u00f6nnen wir f\u00fcr diese fremden Inhalte auch keine Gew\u00e4hr \u00fcbernehmen. F\u00fcr die Inhalte der verlinkten Seiten ist stets der jeweilige Anbieter oder Betreiber der Seiten verantwortlich. Die verlinkten Seiten wurden zum Zeitpunkt der Verlinkung auf m\u00f6gliche Rechtsverst\u00f6\u00dfe \u00fcberpr\u00fcft. Rechtswidrige Inhalte waren zum Zeitpunkt der Verlinkung nicht erkennbar. Eine permanente inhaltliche Kontrolle der verlinkten Seiten ist jedoch ohne konkrete Anhaltspunkte einer Rechtsverletzung nicht zumutbar. Bei Bekanntwerden von Rechtsverletzungen werden wir derartige Links umgehend entfernen.<\/p><p>\u00a0<\/p><p><strong>3. Urheberrecht<\/strong><br \/>Die durch die Seitenbetreiber erstellten Inhalte und Werke auf diesen Seiten unterliegen dem deutschen Urheberrecht. Die Vervielf\u00e4ltigung, Bearbeitung, Verbreitung und jede Art der Verwertung au\u00dferhalb der Grenzen des Urheberrechtes bed\u00fcrfen der schriftlichen Zustimmung des jeweiligen Autors bzw. Erstellers. Downloads und Kopien dieser Seite sind nur f\u00fcr den privaten, nicht kommerziellen Gebrauch gestattet. Soweit die Inhalte auf dieser Seite nicht vom Betreiber erstellt wurden, werden die Urheberrechte Dritter beachtet. Insbesondere werden Inhalte Dritter als solche gekennzeichnet. Sollten Sie trotzdem auf eine Urheberrechtsverletzung aufmerksam werden, bitten wir um einen entsprechenden Hinweis. Bei Bekanntwerden von Rechtsverletzungen werden wir derartige Inhalte umgehend entfernen.<\/p>\t\t\t\t\t\t\t\t<\/div>\n\t\t\t\t<\/div>\n\t\t\t\t<section class=\"elementor-section elementor-inner-section elementor-element elementor-element-39c7746 elementor-section-boxed elementor-section-height-default elementor-section-height-default\" data-id=\"39c7746\" data-element_type=\"section\">\n\t\t\t\t\t\t<div class=\"elementor-container elementor-column-gap-default\">\n\t\t\t\t\t<div class=\"elementor-column elementor-col-50 elementor-inner-column elementor-element elementor-element-093a7af\" data-id=\"093a7af\" data-element_type=\"column\">\n\t\t\t<div class=\"elementor-widget-wrap elementor-element-populated\">\n\t\t\t\t\t\t<div class=\"elementor-element elementor-element-481f877 elementor-widget elementor-widget-text-editor\" data-id=\"481f877\" data-element_type=\"widget\" data-widget_type=\"text-editor.default\">\n\t\t\t\t<div class=\"elementor-widget-container\">\n\t\t\t\t\t\t\t\t\t<p>Golfer&#8217;s Delight e. V.<\/p><p>Rathausstra\u00dfe 2 &#8211; 76676 Graben-Neudorf<\/p><p><a href=\"mailto:fore@golfers-delight.de\">fore@golfers-delight.de<\/a><\/p><p>Amtsgericht Mannheim<\/p><p>Vereinsregister VR 703252<\/p><p>Raiffeisenbank Hardt-Bruhrain eG<\/p><p>IBAN\u00a0 DE16 6606 2366 0007 0100 01<\/p><p>BIC\u00a0 \u00a0 GENODE61DET<\/p><p>Finanzamt Bruchsal<\/p><p>Steuernummer 30074\/31036<\/p>\t\t\t\t\t\t\t\t<\/div>\n\t\t\t\t<\/div>\n\t\t\t\t\t<\/div>\n\t\t<\/div>\n\t\t\t\t<div class=\"elementor-column elementor-col-50 elementor-inner-column elementor-element elementor-element-11fb605\" data-id=\"11fb605\" data-element_type=\"column\">\n\t\t\t<div class=\"elementor-widget-wrap elementor-element-populated\">\n\t\t\t\t\t\t<div class=\"elementor-element elementor-element-bb67158 elementor-widget elementor-widget-text-editor\" data-id=\"bb67158\" data-element_type=\"widget\" data-widget_type=\"text-editor.default\">\n\t\t\t\t<div class=\"elementor-widget-container\">\n\t\t\t\t\t\t\t\t\t<p><span style=\"text-decoration: underline;\">1. Vorstand <\/span><\/p><p>Jan Pawlewitz<\/p><p>Am Riedlweiher 22<\/p><p>92318 Neumarkt<\/p><p><span style=\"text-decoration: underline;\">2. Vorstand<\/span><\/p><p>G\u00e9rard Huff<\/p><p>\u00a0<\/p><p>\u00a0<\/p>\t\t\t\t\t\t\t\t<\/div>\n\t\t\t\t<\/div>\n\t\t\t\t<div class=\"elementor-element elementor-element-dfd3524 elementor-widget-tablet__width-initial elementor-widget elementor-widget-text-editor\" data-id=\"dfd3524\" data-element_type=\"widget\" data-widget_type=\"text-editor.default\">\n\t\t\t\t<div class=\"elementor-widget-container\">\n\t\t\t\t\t\t\t\t\t<p>\u00a0<\/p><p><span style=\"text-decoration: underline;\">Finanzen<\/span><\/p><p>Matthias Stellberg<\/p><p>Hyazinthenstra\u00dfe 4<\/p><p>76676 Graben-Neudorf<\/p><p>\u00a0<\/p><p>\u00a0<\/p><p>\u00a0<\/p><p>\u00a0<\/p>\t\t\t\t\t\t\t\t<\/div>\n\t\t\t\t<\/div>\n\t\t\t\t\t<\/div>\n\t\t<\/div>\n\t\t\t\t\t<\/div>\n\t\t<\/section>\n\t\t\t\t\t<\/div>\n\t\t<\/div>\n\t\t\t\t\t<\/div>\n\t\t<\/section>\n\t\t\t\t<\/div>\n\t\t","protected":false},"excerpt":{"rendered":"<p>Haftungsausschluss (Dislaimer) 1. Haftung f\u00fcr InhalteAls Diensteanbieter sind wir gem\u00e4\u00df \u00a7 7 Abs.1 TMG f\u00fcr eigene Inhalte auf diesen Seiten nach den allgemeinen Gesetzen verantwortlich. Nach \u00a7\u00a7 8 bis 10 TMG sind wir als Diensteanbieter jedoch nicht verpflichtet, \u00fcbermittelte oder gespeicherte fremde Informationen zu \u00fcberwachen oder nach Umst\u00e4nden zu forschen, die auf eine rechtswidrige T\u00e4tigkeit [&hellip;]<\/p>\n","protected":false},"author":3,"featured_media":0,"parent":0,"menu_order":0,"comment_status":"closed","ping_status":"closed","template":"","meta":{"footnotes":""},"class_list":["post-3403","page","type-page","status-publish","hentry"],"yoast_head":"<!-- This site is optimized with the Yoast SEO plugin v27.4 - https:\/\/yoast.com\/product\/yoast-seo-wordpress\/ -->\n<title>IMPRESSUM - Golfers Delight<\/title>\n<meta name=\"robots\" content=\"index, follow, max-snippet:-1, max-image-preview:large, max-video-preview:-1\" \/>\n<link rel=\"canonical\" href=\"https:\/\/golfers-delight.de\/?page_id=3403\" \/>\n<meta property=\"og:locale\" content=\"de_DE\" \/>\n<meta property=\"og:type\" content=\"article\" \/>\n<meta property=\"og:title\" content=\"IMPRESSUM - Golfers Delight\" \/>\n<meta property=\"og:description\" content=\"Haftungsausschluss (Dislaimer) 1. Haftung f\u00fcr InhalteAls Diensteanbieter sind wir gem\u00e4\u00df \u00a7 7 Abs.1 TMG f\u00fcr eigene Inhalte auf diesen Seiten nach den allgemeinen Gesetzen verantwortlich. Nach \u00a7\u00a7 8 bis 10 TMG sind wir als Diensteanbieter jedoch nicht verpflichtet, \u00fcbermittelte oder gespeicherte fremde Informationen zu \u00fcberwachen oder nach Umst\u00e4nden zu forschen, die auf eine rechtswidrige T\u00e4tigkeit [&hellip;]\" \/>\n<meta property=\"og:url\" content=\"https:\/\/golfers-delight.de\/?page_id=3403\" \/>\n<meta property=\"og:site_name\" content=\"Golfers Delight\" \/>\n<meta property=\"article:modified_time\" content=\"2026-03-17T09:07:54+00:00\" \/>\n<meta name=\"twitter:card\" content=\"summary_large_image\" \/>\n<meta name=\"twitter:label1\" content=\"Gesch\u00e4tzte Lesezeit\" \/>\n\t<meta name=\"twitter:data1\" content=\"2\u00a0Minuten\" \/>\n<script type=\"application\/ld+json\" class=\"yoast-schema-graph\">{\"@context\":\"https:\\\/\\\/schema.org\",\"@graph\":[{\"@type\":\"WebPage\",\"@id\":\"https:\\\/\\\/golfers-delight.de\\\/?page_id=3403\",\"url\":\"https:\\\/\\\/golfers-delight.de\\\/?page_id=3403\",\"name\":\"IMPRESSUM - Golfers Delight\",\"isPartOf\":{\"@id\":\"https:\\\/\\\/golfers-delight.de\\\/#website\"},\"datePublished\":\"2023-03-15T18:56:52+00:00\",\"dateModified\":\"2026-03-17T09:07:54+00:00\",\"inLanguage\":\"de\",\"potentialAction\":[{\"@type\":\"ReadAction\",\"target\":[\"https:\\\/\\\/golfers-delight.de\\\/?page_id=3403\"]}]},{\"@type\":\"WebSite\",\"@id\":\"https:\\\/\\\/golfers-delight.de\\\/#website\",\"url\":\"https:\\\/\\\/golfers-delight.de\\\/\",\"name\":\"Golfers Delight\",\"description\":\"Golf Club\",\"publisher\":{\"@id\":\"https:\\\/\\\/golfers-delight.de\\\/#organization\"},\"potentialAction\":[{\"@type\":\"SearchAction\",\"target\":{\"@type\":\"EntryPoint\",\"urlTemplate\":\"https:\\\/\\\/golfers-delight.de\\\/?s={search_term_string}\"},\"query-input\":{\"@type\":\"PropertyValueSpecification\",\"valueRequired\":true,\"valueName\":\"search_term_string\"}}],\"inLanguage\":\"de\"},{\"@type\":\"Organization\",\"@id\":\"https:\\\/\\\/golfers-delight.de\\\/#organization\",\"name\":\"Golfers Delight\",\"url\":\"https:\\\/\\\/golfers-delight.de\\\/\",\"logo\":{\"@type\":\"ImageObject\",\"inLanguage\":\"de\",\"@id\":\"https:\\\/\\\/golfers-delight.de\\\/#\\\/schema\\\/logo\\\/image\\\/\",\"url\":\"https:\\\/\\\/golfers-delight.de\\\/wp-content\\\/uploads\\\/2023\\\/03\\\/cropped-cropped-cropped-Golfers_Delight_1c.png\",\"contentUrl\":\"https:\\\/\\\/golfers-delight.de\\\/wp-content\\\/uploads\\\/2023\\\/03\\\/cropped-cropped-cropped-Golfers_Delight_1c.png\",\"width\":512,\"height\":512,\"caption\":\"Golfers Delight \"},\"image\":{\"@id\":\"https:\\\/\\\/golfers-delight.de\\\/#\\\/schema\\\/logo\\\/image\\\/\"}}]}<\/script>\n<!-- \/ Yoast SEO plugin. -->","yoast_head_json":{"title":"IMPRESSUM - Golfers Delight","robots":{"index":"index","follow":"follow","max-snippet":"max-snippet:-1","max-image-preview":"max-image-preview:large","max-video-preview":"max-video-preview:-1"},"canonical":"https:\/\/golfers-delight.de\/?page_id=3403","og_locale":"de_DE","og_type":"article","og_title":"IMPRESSUM - Golfers Delight","og_description":"Haftungsausschluss (Dislaimer) 1. Haftung f\u00fcr InhalteAls Diensteanbieter sind wir gem\u00e4\u00df \u00a7 7 Abs.1 TMG f\u00fcr eigene Inhalte auf diesen Seiten nach den allgemeinen Gesetzen verantwortlich. Nach \u00a7\u00a7 8 bis 10 TMG sind wir als Diensteanbieter jedoch nicht verpflichtet, \u00fcbermittelte oder gespeicherte fremde Informationen zu \u00fcberwachen oder nach Umst\u00e4nden zu forschen, die auf eine rechtswidrige T\u00e4tigkeit [&hellip;]","og_url":"https:\/\/golfers-delight.de\/?page_id=3403","og_site_name":"Golfers Delight","article_modified_time":"2026-03-17T09:07:54+00:00","twitter_card":"summary_large_image","twitter_misc":{"Gesch\u00e4tzte Lesezeit":"2\u00a0Minuten"},"schema":{"@context":"https:\/\/schema.org","@graph":[{"@type":"WebPage","@id":"https:\/\/golfers-delight.de\/?page_id=3403","url":"https:\/\/golfers-delight.de\/?page_id=3403","name":"IMPRESSUM - Golfers Delight","isPartOf":{"@id":"https:\/\/golfers-delight.de\/#website"},"datePublished":"2023-03-15T18:56:52+00:00","dateModified":"2026-03-17T09:07:54+00:00","inLanguage":"de","potentialAction":[{"@type":"ReadAction","target":["https:\/\/golfers-delight.de\/?page_id=3403"]}]},{"@type":"WebSite","@id":"https:\/\/golfers-delight.de\/#website","url":"https:\/\/golfers-delight.de\/","name":"Golfers Delight","description":"Golf Club","publisher":{"@id":"https:\/\/golfers-delight.de\/#organization"},"potentialAction":[{"@type":"SearchAction","target":{"@type":"EntryPoint","urlTemplate":"https:\/\/golfers-delight.de\/?s={search_term_string}"},"query-input":{"@type":"PropertyValueSpecification","valueRequired":true,"valueName":"search_term_string"}}],"inLanguage":"de"},{"@type":"Organization","@id":"https:\/\/golfers-delight.de\/#organization","name":"Golfers Delight","url":"https:\/\/golfers-delight.de\/","logo":{"@type":"ImageObject","inLanguage":"de","@id":"https:\/\/golfers-delight.de\/#\/schema\/logo\/image\/","url":"https:\/\/golfers-delight.de\/wp-content\/uploads\/2023\/03\/cropped-cropped-cropped-Golfers_Delight_1c.png","contentUrl":"https:\/\/golfers-delight.de\/wp-content\/uploads\/2023\/03\/cropped-cropped-cropped-Golfers_Delight_1c.png","width":512,"height":512,"caption":"Golfers Delight "},"image":{"@id":"https:\/\/golfers-delight.de\/#\/schema\/logo\/image\/"}}]}},"_links":{"self":[{"href":"https:\/\/golfers-delight.de\/index.php?rest_route=\/wp\/v2\/pages\/3403","targetHints":{"allow":["GET"]}}],"collection":[{"href":"https:\/\/golfers-delight.de\/index.php?rest_route=\/wp\/v2\/pages"}],"about":[{"href":"https:\/\/golfers-delight.de\/index.php?rest_route=\/wp\/v2\/types\/page"}],"author":[{"embeddable":true,"href":"https:\/\/golfers-delight.de\/index.php?rest_route=\/wp\/v2\/users\/3"}],"replies":[{"embeddable":true,"href":"https:\/\/golfers-delight.de\/index.php?rest_route=%2Fwp%2Fv2%2Fcomments&post=3403"}],"version-history":[{"count":13,"href":"https:\/\/golfers-delight.de\/index.php?rest_route=\/wp\/v2\/pages\/3403\/revisions"}],"predecessor-version":[{"id":4169,"href":"https:\/\/golfers-delight.de\/index.php?rest_route=\/wp\/v2\/pages\/3403\/revisions\/4169"}],"wp:attachment":[{"href":"https:\/\/golfers-delight.de\/index.php?rest_route=%2Fwp%2Fv2%2Fmedia&parent=3403"}],"curies":[{"name":"wp","href":"https:\/\/api.w.org\/{rel}","templated":true}]}}